e value of -1 + 9 + -3 - 3 - 4?
-2
Calculate -13 + 11 - ((-3 - 0) + -3).
4
What is the value of -12 + (3 - (9 + -8))?
-10
Calculate 2 - (1 - 5 - -3 - 4).
7
Evaluate 4 - (2 - (-3 - -1 - -1)).
1
0 + -8 + (-4 + 10 - 2)
-4
Calculate 2 + (0 - -4 - 7 - 5).
-6
What is 3 + (2 - (0 + 2)) - 2?
1
What is the value of 5 - (8 - 7) - (3 - -8)?
-7
Evaluate -1 - (3 + (1 - 3)).
-2
What is the value of -1 + 2 - (18 - 13)?
-4
4 - (6 - (-4 + 6))
0
Calculate 0 - (5 + -3 + -1) - -6.
5
Calculate -3 - 4 - (3 + -5 + 2).
-7
What is the value of -3 + -10 + (-9 - -30)?
8
What is the value of (-2 - -4) + -5 + (-5 - -5)?
-3
Calculate -4 + 8 + -5 + (5 - 5).
-1
Evaluate -3 - (-4 + -1 - (25 - 24)).
3
Evaluate 11 - (-5 + 7 + 14).
-5
7 + -9 + -9 - -13
2
Calculate (-2 - 4 - -4) + (1 - -10).
9
What is -16 + 19 + (7 - 4)?
6
Evaluate 16 + (-13 - -5) + -9.
-1
What is the value of 13 + (-21 - -14) + -14 + 0?
-8
What is -10 + 7 - (1 + 1)?
-5
What is 7 + -2 + (-25 - -16)?
-4
What is -3 - 1 - (-8 - (4 - 8))?
0
What is the value of -2 - (-4 - (1 + 2 - 4))?
1
What is -1 + (0 - -1) - (4 - 5)?
1
Evaluate -4 + 4 + -3 + 3 + -2.
-2
Evaluate 13 + (3 - 9) - 5.
2
Evaluate -12 + 3 + -7 - -13.
-3
What is the value of -1 - (3 + -1 - 3) - -5?
5
What is (11 - 13 - -8) + -11?
-5
Evaluate -5 - (4 + 2 + -21 + 9).
1
What is 0 + -6 - (-16 + 15)?
-5
What is -5 - (-9 - (-9 - -8))?
3
What is -3 + -2 + -18 + 18?
-5
What is -2 - ((0 - 3) + 2)?
-1
What is -6 + -5 - -1 - -5?
-5
What is the value of 2 - 0 - (6 + 1 + -5)?
0
What is the value of 11 - (-8 - (8 + -29))?
-2
What is 6 + (-3 - -7 - 6)?
4
-5 + -4 + 10 - (2 + -1)
0
Evaluate (3 + -2 - -5) + -12.
-6
Evaluate (-1 - 1) + -1 + (-1 - -1).
-3
-2 + 2 - (-1 + 4)
-3
Evaluate 2 - 1 - (1 - -6 - 4).
-2
What is the value of -1 - 2 - (4 - (4 + -2))?
-5
Calculate 2 - (0 - (0 + (-2 - 1))).
-1
(6 - 2) + -1 + -5 + 4
2
8 - (1 + (-6 - -8))
5
Calculate (1 - 1) + 16 + -15.
1
-11 + (10 - (8 - 0))
-9
What is the value of (13 - 7) + -6 - -2?
2
Evaluate 4 - (-2 - (-3 - (-5 - -9))).
-1
7 + 2 - 4 - 4
1
What is -6 + (-2 - 3 - (-3 + -3))?
-5
What is the value of -4 - 0 - (5 - (0 - -6))?
-3
What is 0 - (-6 + -1) - 1?
6
What is -3 - (1 - (-1 - -2))?
-3
Calculate 9 - (8 - 3) - 0.
4
What is -10 - ((-5 - -3) + -3)?
-5
What is the value of 5 - (2 + -2 + 3)?
2
Evaluate (6 - 10) + (-4 - -4).
-4
What is the value of (-3 - (-10 + 5 + -2)) + -1?
3
40 + -46 - (0 + -11)
5
What is the value of (17 + -11 - 4) + (-1 - 4)?
-3
Calculate (-4 - 0) + 3 + 5.
4
What is the value of (7 - 7 - -13) + -8?
5
What is 8 + 0 - (-7 + 10)?
5
Calculate 4 - (-11 - (-8 - 0)).
7
Evaluate 4 - (1 - (4 + -4)).
3
What is -7 - (5 + 2 + -14 + 0)?
0
What is the value of 5 - (-4 - (0 + -5))?
4
What is the value of -62 - -51 - (-13 + -1)?
3
5 + -1 + 1 + (63 - 63)
5
What is the value of -6 + 1 + (-109 - -123)?
9
(-8 - (-4 - 12)) + -12
-4
What is 3 + 4 + -4 + -3 + 1?
1
What is (-1 - (-12 - -2 - -4)) + -10?
-5
Calculate -7 + 10 - 10 - -2.
-5
-1 - (-7 - (-8 - -3))
1
-10 + 6 + 3 - 2
-3
What is the value of -1 + 2 - (6 + 3 - 12)?
4
What is 1 - -1 - (2 - -5 - 1)?
-4
Calculate 2 + 1 - (36 - 32).
-1
Evaluate (-3 - (-2 + 0) - 1) + 4.
2
Calculate 3 - 1 - 0 - (-259 - -257).
4
What is the value of 2 + (-4 + 6 - 1)?
3
What is (5 - (-1 - -4) - 5) + -2?
-5
What is -7 + 8 + 13 + -7?
7
What is the value of (-4 - -6 - 2) + (3 - 5)?
-2
What is 37 - 22 - (1 + 8)?
6
What is -2 + (10 - 8) - (-4 + 0)?
4
2 - ((2 - 3) + 6)
-3
What is the value of 5 + 1 + 2 + -2 + -3?
3
-2 + -1 + (0 - -3) - 5
-5
1 - (-6 - (-5 - -1))
3
Evaluate (2 - 5) + 5 + (0 - 7).
-5
What is the value of 0 + (5 - 2) + 1?
4
-6 + -1 + (0 + -11 - -13)
-5
4 + (-2 - -5 - 6) + 0
1
-8 + (1 - -6) - 7
-8
What is 1 - 9 - (-18 - -13)?
-3
Evaluate -1 + -4 + -2 + 2 + 1.
-4
What is -2 + 0 + 4 - (-5 + 3)?
4
3 - (-4 - (1 + -9))
-1
5 + 7 + -12 - 7
-7
What is the value of 4 - (6 - -2 - -3)?
-7
Calculate 3 + 3 + -9 - 0.
-3
What is -6 + (-6 + 3 - -2) + 3?
-4
5 + -3 - (6 + 1)
-5
4 + (-5 - (-5 - -1))
3
-4 + 7 + -7 + -1 + 1
-4
Calculate -2 + 0 - (8 - 6).
-4
Evaluate (9 - 2) + -3 + (4 - 5).
3
3 + 0 + -8 - -10
5
Evaluate (-6 - (1 + -4)) + 3 + 2.
2
What is the value of -2 + (5 + 0 - 0)?
3
What is 10 + 0 + -10 + (12 - 7)?
5
Calculate 5 - (6 + 2) - -6.
3
Calculate 1 - ((-2 - (-4 - -4)) + 4).
-1
What is the value of -5 + 7 + -3 - 5?
-6
Evaluate -7 + (10 - (5 + (4 - 3))).
-3
What is -6 - -1 - (1 + -9)?
3
What is 0 + 0 + (9 - (3 - -7))?
-1
10 + (-1 - 0 - 4)
5
Calculate -3 + (1 - -9) + -2.
5
Calculate 0 - 1 - (6 + -13 - -11).
-5
Evaluate 17 + -22 + 0 + 7.
2
What is the value of 1 - 0 - (-4 - -9)?
-4
Evaluate 1 - (-6 + 8 + -4 - -6).
-3
(4 - (2 - 4)) + -2 + 0
4
5 - 0 - (0 + 4)
1
Evaluate -53 - -48 - (-7 - (-1 - 1)).
0
Calculate -16 + 14 + (-2 + 3 - 1).
-2
-3 - 2 - (1 - 3 - 1)
-2
Calculate -51 - -58 - (-2 + 14).
-5
What is 4 - (3 + -8) - 5?
4
0 + -6 + 13 + -2
5
Evaluate -5 - (1 + 2 + 4) - -5.
-7
Calculate 7 - 6 - 7 - 2.
-8
Evaluate -2 + 0 + 7 + -6.
-1
What is the value of -3 + 7 + (0 - 10) - 0?
-6
What is 3 + 3 + -1 + -4 + 2?
3
What is -23 + 6 + 9 - -1?
-7
Calculate 4 - ((-1 - -12) + 2 + -2).
-7
7 - (5 - 2 - -2)
2
What is 5 - (9 + -2) - -8?
6
(1 - 3) + (-1 - -2 - -2)
1
What is 0 - (-6 + 2 + 2)?
2
Evaluate (15 - 3 - 4) + -4.
4
What is the value of -12 + 5 + 6 + -12 + 2?
-11
Calculate 92 + -88 - (-1 - -3).
2
Evaluate (-33 + 31 - (-6 - -1)) + -7.
-4
What is -5 + 7 + 1 + -6?
-3
Evaluate -6 + 4 - -1 - 2.
-3
2 + -6 + 3 - 4
-5
What is the value of 9 - ((4 - 1) + 1)?
5
-6 - (9 + (-10 - -4))
-9
What is the value of 4 + (1 + 9 + -4 - 4)?
6
What is 2 + (-3 - (-5 + 8)) + 4?
0
Evaluate -6 + 5 + 8 + -8.
-1
What is the value of -8 + 1 + (23 - 17)?
-1
Evaluate -8 + 12 + -10 - -3.
-3
(19 - 13) + 1 + 2 + -15
-6
What is (2 - 1) + -3 + 4 - 1?
1
What is the value of (2 - 8) + 9 - (-6 + 0)?
9
What is 5 + 2 - 0 - (-8 + 11)?
4
What is the value of -1 - (5 - 4) - -3 - 5?
-4
What is the value of 1 - (-2 + -7 + 15)?
-5
What is (5 - 1) + (-17 - -15)?
2
Calculate (-1 - (5 - (-2 - -6))) + -3.
-5
5 + (6 - 0) - (8 + -2)
5
What is the value of 2 + 2 - (12 - 6 - 4)?
2
What is the value of -2 + 2 - 5 - (2 + -10)?
3
Calculate -4 + (-1 - (2 + -4)) - -3.
0
Calculate -2 + (-8 - -19) + -12.
-3
What is 3 + -1 - (14 + -17)?
5
What is -2 + 4 + (11 - 14) - 4?
-5
Calculate -1 - -2 - (-7 + 6 - -2).
0
Evaluate (9 - 2) + (-5 - 3).
-1
Calculate -2 - ((-13 - -4) + 3 + -4).
8
Calculate (0 - -1) + (3 - (9 + -1)).
-4
(-2 - (0 - -3)) + 0
-5
Evaluate -2 + (7 - 4) - (4 - 4).
1
What is the value of (4 - (2 - 6)) + -4 + -3?
1
Calculate (-1 - 2) + -4 - (-16 - -10).
-1
Evaluate 1 - (3 + -3 - (-3 - 0)).
-2
Calculate 2 + 5 + -3 + 1.
5
What is -3 + (0 + 2 - 2)?
-3
What is the value of 3 + 1 - ((-16 - -18) + 1)?
1
What is the value of 6 + -1 + -23 + 9 + 14?
5
Calculate 0 + (-5 - -5 - (-1 - -3)).
-2
What is the value of 1 - (-1 + -6 + (19 - 6))?
-5
Evaluate -5 + -3 + 3 - 0.
-5
Evaluate (2 - -1) + (15 - 7) + -7.
4
Calculate -1 + -2 + 14 + -15.
-4
Evaluate -11 + 8 - 7 - -3.
-7
Calculate -1 + 5 + (-4 - -2).
2
What is 7 + (-2 - (5 + 3))?
-3
What is the value of (29 - 34) + (1 - (-1 - 0))?
-3
What is the value of 4 - (-1 + 3 + -1)?
3
Calculate (2 - -1) + (-17 - -17).
3
(7 - 0) + 1 - 3
5
What is -3 + 5 - ((-2 - -1) + 1)?
2
What is the value of -2 + 5 + -10 + 6 + 5?
4
(-1 - 1) + (142 - 133)
7
What is (0 - (-1 - -1)) + 3 + -2?
1
What is 6 - (2 - (4 + -3))?
5
Calculate 6 - (1 - (-1 - 3)).
1
What is (4 - (3 + 6 + -4)) + 5?
4
What is (3 - (4 - 2) - -4) + -2?
3
What is (-1 - (-3 - -1)) + 2?
3
Calculate -4 - (3 - (2 + (0 - -1))).
-4
What is 11 + -1 + (-13 - -9)?
6
Evaluate 2 + (4 - 9 - -2).
-1
What is 0 + -4 + -2 + -2 + 9?
1
What is the value of -4 + 6 - -2 - 6?
-2
Calculate -1 + 3 + (5 + 2 - 15).
-6
What is -2 + 1 + 0 + (-93 - -99)?
5
What is 8 - (22 - 7 - 17)?
10
Calculate 7 - (9 + 1 + -1 + -5).
3
What is 7 + -32 + 12 - -4?
-9
What is the value of 4 + 1 - (-49 - -55)?
-1
What is the value of 2 - (-5 + 5 - -4)?
-2
What is (-6 - (1 - 2 - -1)) + 3?
-3
What is 5 + -7 + (-5 + 4 - -4)?
1
Evaluate -7 + 4 + 6 - (8 + -4).
-1
-2 + -2 - (2 - (0 - -2))
-4
What is -2 - (1 - 0) - (3 + -3)?
-3
0 + 6 + (5 - 12)
-1
What is the value of -11 - (3 + -4) - -8?
-2
Calculate 4 - (2 - (3 - 1)) - 7.
-3
Evaluate 0 - (-2 - -1) - (-40 + 36).
5
What is the value of 4 - -4 - 5 - 5?
-2
What is 7 + -5 + -2 + 2?
2
What is (-7